ert 4125 (base 6) to base 9.
1228
-1152 (base 9) to base 6
-3545
Convert -102741 (base 9) to base 5.
-3423421
Convert 49284 (base 10) to base 8.
140204
Convert 114413 (base 6) to base 8.
23551
Convert -673 (base 8) to base 12.
-30b
176 (base 12) to base 16
ea
Convert 758 (base 11) to base 14.
490
What is 54310 (base 8) in base 11?
16092
What is 1440 (base 10) in base 11?
109a
What is -11233 (base 10) in base 3?
-120102001
Convert 3202 (base 5) to base 13.
26b
Convert -23230 (base 4) to base 2.
-1011101100
Convert -42a54 (base 11) to base 8.
-172037
What is 1654 (base 9) in base 14?
664
-9 (base 12) to base 11
-9
What is -11022212 (base 3) in base 9?
-4285
What is 101111111 (base 2) in base 4?
11333
What is 562 (base 7) in base 12?
201
Convert 1112202 (base 3) to base 15.
502
What is -657b (base 12) in base 5?
-324213
Convert 2730 (base 12) to base 5.
121000
Convert b12 (base 16) to base 12.
1782
Convert -3423 (base 5) to base 7.
-1265
What is -7817 (base 9) in base 13?
-2818
What is -4543 (base 6) in base 2?
-10000101111
-11210210 (base 3) to base 13
-1797
Convert 716 (base 8) to base 16.
1ce
1209 (base 10) to base 9
1583
1690 (base 10) to base 13
a00
Convert -270 (base 8) to base 16.
-b8
10010000110001000 (base 2) to base 8
220610
16 (base 8) to base 11
13
Convert -1213201 (base 4) to base 6.
-50401
Convert -36042 (base 8) to base 14.
-5878
What is -11268 (base 14) in base 10?
-41644
Convert -2754 (base 14) to base 6.
-52034
What is -341 (base 5) in base 12?
-80
-33 (base 13) to base 15
-2c
What is -131035 (base 6) in base 2?
-10111001111111
Convert 125460 (base 7) to base 8.
56012
What is 40812 (base 10) in base 5?
2301222
Convert -250 (base 12) to base 5.
-2343
Convert 3103 (base 6) to base 14.
371
Convert 26563 (base 9) to base 16.
4626
Convert 1287 (base 11) to base 7.
4602
What is -18334 (base 9) in base 11?
-9576
-42110 (base 6) to base 7
-22332
What is -3eb (base 15) in base 7?
-2420
What is 885 (base 9) in base 2?
1011010101
What is 342440 (base 5) in base 15?
3965
18505 (base 10) to base 14
6a5b
-14906 (base 13) to base 15
-b7bb
What is 11391 (base 10) in base 4?
2301333
541 (base 14) to base 13
61a
-3356 (base 13) to base 11
-5428
-33135 (base 7) to base 3
-102101200
-546215 (base 7) to base 2
-10111011000111111
Convert -444 (base 5) to base 4.
-1330
-2881 (base 12) to base 15
-15da
-141643 (base 7) to base 15
-8054
Convert -2263 (base 7) to base 8.
-1475
What is 5183 (base 10) in base 7?
21053
Convert -184 (base 10) to base 7.
-352
What is 81a (base 16) in base 13?
c37
What is -1011110010010 (base 2) in base 13?
-2992
Convert -555414 (base 6) to base 14.
-12da2
-1414 (base 6) to base 14
-1c6
44235 (base 6) to base 5
144033
Convert -6783 (base 16) to base 6.
-322403
What is -3103000 (base 4) in base 14?
-4cc8
4ac0 (base 13) to base 12
61a2
Convert -1c09 (base 14) to base 6.
-35345
Convert 12300 (base 7) to base 9.
4383
What is 11a70 (base 14) in base 3?
2012021200
Convert 11122 (base 3) to base 13.
98
What is 835 (base 16) in base 12?
1271
7706 (base 8) to base 11
3041
What is 10000110010 (base 2) in base 9?
1423
Convert 102021 (base 4) to base 8.
2211
Convert -11001 (base 2) to base 11.
-23
What is -4203 (base 7) in base 3?
-2000120
Convert 131303 (base 5) to base 2.
1010001010011
249 (base 11) to base 9
357
Convert -88620 (base 9) to base 7.
-333333
What is 40044 (base 5) in base 9?
3414
Convert -20021220 (base 3) to base 10.
-4587
Convert 124 (base 16) to base 6.
1204
Convert -3656 (base 11) to base 7.
-16636
6523 (base 7) to base 8
4420
Convert 400 (base 12) to base 16.
240
Convert -241 (base 9) to base 8.
-307
-18306 (base 9) to base 8
-30542
Convert 21022 (base 4) to base 7.
1465
Convert 25261 (base 8) to base 2.
10101010110001
What is -1667 (base 9) in base 16?
-4fc
What is -489 (base 14) in base 4?
-32021
42 (base 9) to base 15
28
What is -32651 (base 7) in base 11?
-61a2
1025 (base 15) to base 8
6522
Convert 5b7 (base 13) to base 3.
1100212
Convert 116a (base 13) to base 2.
100110010110
3663 (base 9) to base 15
c20
What is 412031 (base 6) in base 16?
8053
Convert 10001111010 (base 3) to base 6.
1142220
Convert 133 (base 15) to base 10.
273
What is 3430 (base 9) in base 4?
213222
1010021 (base 4) to base 14
1837
-1632 (base 15) to base 14
-1a4c
What is -12123 (base 7) in base 13?
-1587
1110011001100 (base 2) to base 5
213442
-16363 (base 7) to base 6
-33311
What is 110011100 (base 3) in base 15?
2960
Convert 955 (base 12) to base 11.
1028
What is 63703 (base 8) in base 13?
c124
-20310 (base 5) to base 10
-1330
What is -b9 (base 12) in base 5?
-1031
What is 110101001 (base 2) in base 9?
522
-1003300 (base 5) to base 10
-16075
What is 2b7 (base 15) in base 3?
212001
1202021220 (base 3) to base 11
239a2
What is -34775 (base 11) in base 14?
-14400
Convert 1207 (base 13) to base 14.
cd8
10000000001111101 (base 2) to base 16
1007d
1101110101000100 (base 2) to base 12
28944
What is 578 (base 13) in base 6?
4212
Convert -85e (base 15) to base 4.
-131201
What is 102002 (base 3) in base 7?
605
What is 223 (base 4) in base 9?
47
What is -624 (base 13) in base 5?
-13134
14a02 (base 16) to base 13
2c5b8
313303 (base 7) to base 14
15973
-51150 (base 6) to base 2
-1101001101010
3a5 (base 14) to base 8
1335
Convert -204 (base 8) to base 13.
-a2
Convert 35ca (base 13) to base 15.
23bc
What is -1c3d (base 14) in base 4?
-1100133
What is -422 (base 7) in base 11?
-183
What is 595 (base 11) in base 15?
324
What is 20030 (base 4) in base 12?
378
What is 7a (base 13) in base 9?
122
-202 (base 10) to base 4
-3022
Convert d6f7 (base 16) to base 4.
31123313
What is -4ca4 (base 13) in base 15?
-33a0
-1483 (base 10) to base 15
-68d
8aa2 (base 13) to base 12
b286
What is 1542 (base 14) in base 8?
7306
What is -321022 (base 4) in base 16?
-e4a
Convert 2010 (base 4) to base 13.
a2
Convert -37a5 (base 11) to base 3.
-20210112
12abb (base 13) to base 14
c979
Convert -131 (base 15) to base 11.
-227
What is -1342 (base 5) in base 13?
-141
What is 1923 (base 13) in base 2?
111010100011
Convert 7042 (base 11) to base 16.
2493
22841 (base 11) to base 9
50178
What is -20655 (base 7) in base 8?
-12020
What is 21504 (base 6) in base 2?
101110110000
-110000101 (base 2) to base 3
-112102
What is -7061 (base 9) in base 3?
-21002001
What is -1311 (base 5) in base 12?
-152
8ac (base 14) to base 10
1720
Convert -40371 (base 8) to base 14.
-60c1
42011 (base 6) to base 10
5623
14330 (base 8) to base 16
18d8
Convert -782 (base 11) to base 14.
-4ad
-11011010110 (base 2) to base 13
-a48
10011100000111 (base 2) to base 9
14631
What is 63d7 (base 14) in base 12?
9b89
Convert -1004431 (base 5) to base 6.
-203105
What is -1300412 (base 5) in base 11?
-17955
Convert 220202211 (base 3) to base 11.
12627
Convert -111004 (base 5) to base 3.
-12022200
b3e (base 16) to base 15
cbd
-18251 (base 11) to base 13
-b853
35 (base 8) to base 9
32
What is -a64 (base 13) in base 15?
-7d2
Convert -2101110 (base 4) to base 16.
-2454
-771a (base 11) to base 8
-23711
-100100100001 (base 2) to base 13
-10aa
Convert -5d43 (base 16) to base 14.
-89b5
What is 14455 (base 6) in base 16?
923
What is 1110001110101 (base 2) in base 6?
53421
What is -7a3 (base 11) in base 7?
-2541
Convert -1430 (base 8) to base 10.
-792
What is -13114 (base 7) in base 2?
-110110100010
What is 100020121 (base 3) in base 15?
1ee4
What is 327 (base 9) in base 10?
268
What is ab3 (base 12) in base 10?
1575
1011100101 (base 2) to base 8
1345
-1110002101 (base 3) to base 13
-cc7c
Convert 8765 (base 10) to base 2.
10001000111101
3495 (base 14) to base 8
21673
Convert -33332103 (base 4) to base 6.
-1222523
1023 (base 4) to base 8
113
-10003111 (base 4) to base 7
-66250
What is -10000010110111111 (base 2) in base 6?
-1234115
Convert 1465 (base 10) to base 5.
21330
62a6 (base 11) to base 7
33220
Convert -21122 (base 3) to base 10.
-206
What is 4762 (base 14) in base 3?
122001112
Convert 22340 (base 7) to base 15.
1a28
What is 1101021 (base 3) in base 9?
1337
795 (base 15) to base 3
2100112
-10022212 (base 3) to base 11
-1906
Convert -1045 (base 7) to base 14.
-1cc
Convert 468 (base 13) to base 14.
3c6
What is 772 (base 11) in base 8?
1636
-48d (base 14) to base 10
-909
What is 1000010000010110 (base 2) in base 3?
1201101101
3211